9.
17
What is the remainder when 3705971 is divided by 8659?
8578
What is the remainder when 3855591 is divided by 1135?
1131
Calculate the remainder when 1480471 is divided by 207.
7
Calculate the remainder when 3109982 is divided by 18187.
5
Calculate the remainder when 5219082 is divided by 634.
628
What is the remainder when 20121 is divided by 3348?
33
Calculate the remainder when 160831 is divided by 6056.
3375
What is the remainder when 30256725 is divided by 1624?
1605
What is the remainder when 18089584 is divided by 6029833?
85
Calculate the remainder when 137983440 is divided by 2.
0
What is the remainder when 45682218 is divided by 2453?
2452
Calculate the remainder when 1780568 is divided by 1780259.
309
Calculate the remainder when 3349440 is divided by 2452.
8
What is the remainder when 162518 is divided by 201?
110
What is the remainder when 296638 is divided by 1520?
238
What is the remainder when 12595 is divided by 940?
375
Calculate the remainder when 90164150 is divided by 1023.
1022
Calculate the remainder when 32249 is divided by 6434.
79
What is the remainder when 86659 is divided by 8660?
59
What is the remainder when 48603 is divided by 1947?
1875
What is the remainder when 8467366 is divided by 701?
688
Calculate the remainder when 125872 is divided by 279.
43
What is the remainder when 208335 is divided by 1477?
78
What is the remainder when 705893 is divided by 28950?
11093
Calculate the remainder when 1009093 is divided by 3349.
1044
Calculate the remainder when 6359646 is divided by 16.
14
What is the remainder when 165533 is divided by 156834?
8699
What is the remainder when 776768 is divided by 47?
46
What is the remainder when 936758 is divided by 99?
20
Calculate the remainder when 12688592 is divided by 2075.
2042
What is the remainder when 81210793 is divided by 71?
70
What is the remainder when 25444 is divided by 193?
161
Calculate the remainder when 122360 is divided by 946.
326
Calculate the remainder when 4046826 is divided by 89.
85
Calculate the remainder when 43186 is divided by 8525.
561
What is the remainder when 1373673 is divided by 8033?
30
Calculate the remainder when 8416 is divided by 989.
504
What is the remainder when 41800 is divided by 9?
4
Calculate the remainder when 5094926 is divided by 855.
836
Calculate the remainder when 4567 is divided by 4505.
62
Calculate the remainder when 4304846 is divided by 165.
161
Calculate the remainder when 2023602 is divided by 1054.
976
Calculate the remainder when 2207183 is divided by 2207157.
26
What is the remainder when 33181 is divided by 2383?
2202
Calculate the remainder when 4263784 is divided by 74803.
13
Calculate the remainder when 26441663 is divided by 93.
89
What is the remainder when 336188 is divided by 2490?
38
What is the remainder when 301840 is divided by 16750?
340
Calculate the remainder when 87473334 is divided by 141086.
14
Calculate the remainder when 18854912 is divided by 93.
92
What is the remainder when 14161430 is divided by 101153?
10
What is the remainder when 1563189433 is divided by 405?
403
What is the remainder when 1433945 is divided by 155?
40
What is the remainder when 15042560 is divided by 134?
122
What is the remainder when 368335 is divided by 858?
253
What is the remainder when 307683 is divided by 10248?
243
What is the remainder when 4511290 is divided by 319?
311
Calculate the remainder when 7783423 is divided by 7783420.
3
Calculate the remainder when 69268 is divided by 4111.
3492
Calculate the remainder when 7526096 is divided by 2933.
18
What is the remainder when 249939927 is divided by 295?
292
Calculate the remainder when 385786 is divided by 127878.
2152
Calculate the remainder when 5727546 is divided by 569.
561
Calculate the remainder when 6634209 is divided by 3588.
3585
Calculate the remainder when 3534297 is divided by 127.
14
Calculate the remainder when 221198955 is divided by 18.
15
What is the remainder when 2331459 is divided by 62?
11
Calculate the remainder when 758617 is divided by 699.
202
What is the remainder when 34640 is divided by 9183?
7091
Calculate the remainder when 23269122 is divided by 55.
52
Calculate the remainder when 209349 is divided by 1227.
759
What is the remainder when 28166494 is divided by 109?
22
What is the remainder when 135329 is divided by 4190?
1249
What is the remainder when 33659640 is divided by 95?
0
What is the remainder when 1302405 is divided by 93027?
27
What is the remainder when 29397 is divided by 9429?
1110
Calculate the remainder when 59610 is divided by 12.
6
What is the remainder when 3872907 is divided by 617?
615
Calculate the remainder when 1421777 is divided by 78.
71
Calculate the remainder when 1719 is divided by 478.
285
What is the remainder when 5197501 is divided by 259865?
201
Calculate the remainder when 3241081 is divided by 619.
616
Calculate the remainder when 20195769 is divided by 2430.
39
What is the remainder when 3466084 is divided by 495146?
62
What is the remainder when 1447048 is divided by 2584?
8
Calculate the remainder when 143767797 is divided by 132.
129
Calculate the remainder when 189236 is divided by 192.
116
Calculate the remainder when 229929 is divided by 114834.
261
Calculate the remainder when 143528 is divided by 2837.
1678
Calculate the remainder when 3115549 is divided by 1089.
1009
Calculate the remainder when 5270 is divided by 1664.
278
What is the remainder when 158308 is divided by 78694?
920
Calculate the remainder when 17676 is divided by 1932.
288
Calculate the remainder when 3497 is divided by 4.
1
What is the remainder when 41894 is divided by 510?
74
Calculate the remainder when 158848 is divided by 13045.
2308
Calculate the remainder when 4946477 is divided by 27.
23
Calculate the remainder when 9945376 is divided by 28661.
9
Calculate the remainder when 38598799 is divided by 1345.
1334
Calculate the remainder when 2602110 is divided by 199.
185
Calculate the remainder when 50310 is divided by 2460.
1110
Calculate the remainder when 14934454 is divided by 513.
511
Calculate the remainder when 3205082 is divided by 34463.
23
Calculate the remainder when 2907990 is divided by 191.
15
What is the remainder when 6302636 is divided by 182?
158
What is the remainder when 369476 is divided by 122195?
2891
Calculate the remainder when 4043992 is divided by 5218.
42
What is the remainder when 992094 is divided by 161?
12
What is the remainder when 2192 is divided by 1890?
302
Calculate the remainder when 74799 is divided by 1033.
423
What is the remainder when 159165 is divided by 9361?
28
Calculate the remainder when 15344130 is divided by 6847.
3
What is the remainder when 1283316 is divided by 3183?
567
Calculate the remainder when 3200270 is divided by 1292.
1278
What is the remainder when 34635632 is divided by 61?
15
What is the remainder when 8734709 is divided by 4977?
74
Calculate the remainder when 1168674 is divided by 763.
521
What is the remainder when 6352621 is divided by 302504?
37
What is the remainder when 1250449 is divided by 14711?
14
What is the remainder when 1859155 is divided by 102?
1
What is the remainder when 946005 is divided by 3681?
3669
What is the remainder when 8340639 is divided by 40?
39
Calculate the remainder when 77854 is divided by 4323.
40
Calculate the remainder when 2789194 is divided by 172.
42
Calculate the remainder when 131559 is divided by 1203.
432
What is the remainder when 624742 is divided by 1953?
1735
What is the remainder when 1148171 is divided by 143?
24
What is the remainder when 2111959 is divided by 38399?
14
What is the remainder when 214830308 is divided by 1343?
1342
What is the remainder when 799273 is divided by 88746?
559
Calculate the remainder when 14850908 is divided by 20484.
8
What is the remainder when 113390831 is divided by 17?
15
Calculate the remainder when 267179 is divided by 931.
913
Calculate the remainder when 103375373 is divided by 9397760.
13
What is the remainder when 111329639 is divided by 216?
215
Calculate the remainder when 102162 is divided by 2837.
30
What is the remainder when 25656869 is divided by 584?
581
Calculate the remainder when 30929 is divided by 10091.
656
What is the remainder when 707533